remainder when 1458 is divided by 304.
242
Calculate the remainder when 25074 is divided by 12525.
24
What is the remainder when 1315 is divided by 198?
127
Calculate the remainder when 15250 is divided by 97.
21
What is the remainder when 45932 is divided by 26?
16
Calculate the remainder when 8307 is divided by 1329.
333
What is the remainder when 38557 is divided by 2135?
127
What is the remainder when 335555 is divided by 6101?
0
What is the remainder when 364902 is divided by 77?
76
What is the remainder when 24145 is divided by 1278?
1141
What is the remainder when 4733 is divided by 916?
153
What is the remainder when 35339 is divided by 117?
5
Calculate the remainder when 98055 is divided by 10883.
108
Calculate the remainder when 8977 is divided by 21.
10
Calculate the remainder when 76174 is divided by 58.
20
Calculate the remainder when 536 is divided by 145.
101
What is the remainder when 123215 is divided by 453?
452
Calculate the remainder when 14528 is divided by 12.
8
Calculate the remainder when 9366 is divided by 4219.
928
What is the remainder when 16900 is divided by 1300?
0
What is the remainder when 3023 is divided by 511?
468
What is the remainder when 10741 is divided by 150?
91
What is the remainder when 88665 is divided by 50?
15
Calculate the remainder when 10547 is divided by 2105.
22
What is the remainder when 539249 is divided by 79?
74
What is the remainder when 7770 is divided by 277?
14
Calculate the remainder when 46934 is divided by 190.
4
What is the remainder when 476 is divided by 233?
10
What is the remainder when 30955 is divided by 14894?
1167
What is the remainder when 107259 is divided by 177?
174
Calculate the remainder when 50209 is divided by 50204.
5
What is the remainder when 2483531 is divided by 1096?
1091
What is the remainder when 69833 is divided by 23275?
8
Calculate the remainder when 120398 is divided by 72.
14
Calculate the remainder when 165520 is divided by 42.
40
What is the remainder when 3479 is divided by 280?
119
Calculate the remainder when 10256 is divided by 1032.
968
Calculate the remainder when 48662 is divided by 2883.
2534
What is the remainder when 3274 is divided by 80?
74
What is the remainder when 225389 is divided by 100?
89
Calculate the remainder when 5036136 is divided by 2204.
2200
Calculate the remainder when 107859 is divided by 963.
3
What is the remainder when 11519 is divided by 545?
74
What is the remainder when 241078 is divided by 28?
26
Calculate the remainder when 20654 is divided by 10314.
26
What is the remainder when 12511 is divided by 492?
211
Calculate the remainder when 13211 is divided by 28.
23
Calculate the remainder when 295999 is divided by 506.
495
What is the remainder when 332888 is divided by 63?
59
What is the remainder when 70614 is divided by 23534?
12
Calculate the remainder when 243079 is divided by 127.
1
What is the remainder when 45399 is divided by 282?
279
What is the remainder when 352556 is divided by 223?
216
What is the remainder when 10020 is divided by 4957?
106
Calculate the remainder when 105974 is divided by 25.
24
What is the remainder when 10277 is divided by 1027?
7
What is the remainder when 15975 is divided by 29?
25
Calculate the remainder when 149115 is divided by 23.
6
What is the remainder when 94937 is divided by 20?
17
What is the remainder when 26633 is divided by 90?
83
What is the remainder when 676026 is divided by 19?
6
What is the remainder when 16041 is divided by 571?
53
Calculate the remainder when 559232 is divided by 62.
54
Calculate the remainder when 2987 is divided by 784.
635
Calculate the remainder when 8568 is divided by 81.
63
What is the remainder when 5766 is divided by 103?
101
Calculate the remainder when 793 is divided by 110.
23
What is the remainder when 665269 is divided by 1149?
1147
What is the remainder when 2597 is divided by 1205?
187
Calculate the remainder when 1938 is divided by 12.
6
What is the remainder when 5315 is divided by 17?
11
What is the remainder when 297823 is divided by 498?
19
Calculate the remainder when 2338 is divided by 389.
4
Calculate the remainder when 23701 is divided by 56.
13
Calculate the remainder when 4690 is divided by 17.
15
What is the remainder when 5219 is divided by 1224?
323
What is the remainder when 21518 is divided by 83?
21
Calculate the remainder when 20162 is divided by 2516.
34
Calculate the remainder when 2716 is divided by 1076.
564
Calculate the remainder when 9190 is divided by 192.
166
Calculate the remainder when 462 is divided by 128.
78
Calculate the remainder when 3476 is divided by 3459.
17
What is the remainder when 6890 is divided by 68?
22
Calculate the remainder when 6565 is divided by 264.
229
What is the remainder when 2681 is divided by 36?
17
What is the remainder when 60666 is divided by 20157?
195
Calculate the remainder when 1103 is divided by 782.
321
What is the remainder when 710 is divided by 319?
72
Calculate the remainder when 9617 is divided by 4795.
27
What is the remainder when 1680 is divided by 486?
222
What is the remainder when 1223 is divided by 1223?
0
What is the remainder when 64797 is divided by 600?
597
What is the remainder when 10903 is divided by 2628?
391
What is the remainder when 88990 is divided by 157?
128
What is the remainder when 14390 is divided by 2055?
5
Calculate the remainder when 4707 is divided by 783.
9
Calculate the remainder when 204248 is divided by 8510.
8
What is the remainder when 627814 is divided by 409?
408
What is the remainder when 26120 is divided by 965?
65
What is the remainder when 22524 is divided by 9?
6
Calculate the remainder when 9161 is divided by 4410.
341
What is the remainder when 8809 is divided by 81?
61
What is the remainder when 2555 is divided by 449?
310
What is the remainder when 1363 is divided by 97?
5
Calculate the remainder when 98632 is divided by 279.
145
Calculate the remainder when 78283 is divided by 721.
415
Calculate the remainder when 41966 is divided by 9.
8
What is the remainder when 26651 is divided by 783?
29
What is the remainder when 55671 is divided by 55543?
128
Calculate the remainder when 26341 is divided by 1406.
1033
Calculate the remainder when 97252 is divided by 24308.
20
What is the remainder when 212291 is divided by 1051?
1040
Calculate the remainder when 20005 is divided by 10.
5
What is the remainder when 21181 is divided by 32?
29
What is the remainder when 72593 is divided by 2135?
3
What is the remainder when 8720 is divided by 25?
20
What is the remainder when 16251 is divided by 16143?
108
Calculate the remainder when 244016 is divided by 20332.
32
What is the remainder when 70557 is divided by 74?
35
What is the remainder when 70188 is divided by 2193?
12
What is the remainder when 2255 is divided by 63?
50
What is the remainder when 85217 is divided by 7099?
29
What is the remainder when 63349 is divided by 12669?
4
Calculate the remainder when 3708 is divided by 70.
68
Calculate the remainder when 52936 is divided by 131.
12
Calculate the remainder when 122 is divided by 113.
9
Calculate the remainder when 485649 is divided by 28.
17
What is the remainder when 16012 is divided by 33?
7
Calculate the remainder when 5867 is divided by 964.
83
Calculate the remainder when 13463 is divided by 4421.
200
Calculate the remainder when 73262 is divided by 10464.
14
What is the remainder when 10731 is divided by 145?
1
Calculate the remainder when 6947 is divided by 272.
147
Calculate the remainder when 18045 is divided by 71.
11
Calculate the remainder when 2447 is divided by 143.
16
Calculate the remainder when 4914 is divided by 649.
371
What is the remainder when 1377 is divided by 300?
177
What is the remainder when 66956 is divided by 167?
156
Calculate the remainder when 31848 is divided by 665.
593
What is the remainder when 7074 is divided by 254?
216
What is the remainder when 20738 is divided by 253?
245
Calculate the remainder when 746773 is divided by 225.
223
Calculate the remainder when 418926 is divided by 17.
12
Calculate the remainder when 408799 is divided by 100.
99
What is the remainder when 18163 is divided by 214?
187
What is the remainder when 28402 is divided by 19?
16
Calculate the remai